{"id":18918,"date":"2014-06-02T11:17:04","date_gmt":"2014-06-02T11:17:04","guid":{"rendered":"http:\/\/demo.select-themes.com\/stockholm11\/?page_id=18918"},"modified":"2024-04-12T14:44:44","modified_gmt":"2024-04-12T13:44:44","slug":"contact-us","status":"publish","type":"page","link":"https:\/\/veitzguitars.fr\/index.php\/contact-us\/","title":{"rendered":"Contact"},"content":{"rendered":"\t\t<div data-elementor-type=\"wp-page\" data-elementor-id=\"18918\" class=\"elementor elementor-18918\">\n\t\t\t\t\t\t<section class=\"elementor-section elementor-top-section elementor-element elementor-element-34f6399 elementor-section-boxed elementor-section-height-default elementor-section-height-default\" data-id=\"34f6399\" data-element_type=\"section\">\n\t\t\t\t\t\t<div class=\"elementor-container elementor-column-gap-default\">\n\t\t\t\t\t<div class=\"elementor-column elementor-col-100 elementor-top-column elementor-element elementor-element-3e2e0f5\" data-id=\"3e2e0f5\" data-element_type=\"column\">\n\t\t\t<div class=\"elementor-widget-wrap elementor-element-populated\">\n\t\t\t\t\t\t<div class=\"elementor-element elementor-element-a3a449a elementor-widget elementor-widget-image\" data-id=\"a3a449a\" data-element_type=\"widget\" data-widget_type=\"image.default\">\n\t\t\t\t<div class=\"elementor-widget-container\">\n\t\t\t\t\t\t\t\t\t\t\t\t\t\t\t\t<a href=\"http:\/\/veitzguitars.fr\/\">\n\t\t\t\t\t\t\t<img fetchpriority=\"high\" decoding=\"async\" width=\"512\" height=\"512\" src=\"https:\/\/veitzguitars.fr\/wp-content\/uploads\/2018\/09\/cropped-iconedusite.jpg\" class=\"attachment-large size-large wp-image-22898\" alt=\"\" srcset=\"https:\/\/veitzguitars.fr\/wp-content\/uploads\/2018\/09\/cropped-iconedusite.jpg 512w, https:\/\/veitzguitars.fr\/wp-content\/uploads\/2018\/09\/cropped-iconedusite-150x150.jpg 150w, https:\/\/veitzguitars.fr\/wp-content\/uploads\/2018\/09\/cropped-iconedusite-300x300.jpg 300w, https:\/\/veitzguitars.fr\/wp-content\/uploads\/2018\/09\/cropped-iconedusite-500x500.jpg 500w, https:\/\/veitzguitars.fr\/wp-content\/uploads\/2018\/09\/cropped-iconedusite-32x32.jpg 32w, https:\/\/veitzguitars.fr\/wp-content\/uploads\/2018\/09\/cropped-iconedusite-180x180.jpg 180w, https:\/\/veitzguitars.fr\/wp-content\/uploads\/2018\/09\/cropped-iconedusite-200x200.jpg 200w, https:\/\/veitzguitars.fr\/wp-content\/uploads\/2018\/09\/cropped-iconedusite-178x178.jpg 178w, https:\/\/veitzguitars.fr\/wp-content\/uploads\/2018\/09\/cropped-iconedusite-270x270.jpg 270w, https:\/\/veitzguitars.fr\/wp-content\/uploads\/2018\/09\/cropped-iconedusite-192x192.jpg 192w\" sizes=\"(max-width: 512px) 100vw, 512px\" \/>\t\t\t\t\t\t\t\t<\/a>\n\t\t\t\t\t\t\t\t\t\t\t\t\t\t\t<\/div>\n\t\t\t\t<\/div>\n\t\t\t\t\t<\/div>\n\t\t<\/div>\n\t\t\t\t\t<\/div>\n\t\t<\/section>\n\t\t\t\t<section class=\"elementor-section elementor-top-section elementor-element elementor-element-c68fa75 elementor-section-boxed elementor-section-height-default elementor-section-height-default\" data-id=\"c68fa75\" data-element_type=\"section\">\n\t\t\t\t\t\t<div class=\"elementor-container elementor-column-gap-default\">\n\t\t\t\t\t<div class=\"elementor-column elementor-col-33 elementor-top-column elementor-element elementor-element-4804c55\" data-id=\"4804c55\" data-element_type=\"column\">\n\t\t\t<div class=\"elementor-widget-wrap elementor-element-populated\">\n\t\t\t\t\t\t<div class=\"elementor-element elementor-element-2316042 elementor-widget elementor-widget-text-editor\" data-id=\"2316042\" data-element_type=\"widget\" data-widget_type=\"text-editor.default\">\n\t\t\t\t<div class=\"elementor-widget-container\">\n\t\t\t\t\t\t\t\t\t<p style=\"text-align: right;\"><a href=\"https:\/\/reverb.com\/shop\/veitz-guitars\"><strong>REVERB.COM<\/strong><\/a><\/p>\t\t\t\t\t\t\t\t<\/div>\n\t\t\t\t<\/div>\n\t\t\t\t\t<\/div>\n\t\t<\/div>\n\t\t\t\t<div class=\"elementor-column elementor-col-33 elementor-top-column elementor-element elementor-element-5301257\" data-id=\"5301257\" data-element_type=\"column\">\n\t\t\t<div class=\"elementor-widget-wrap elementor-element-populated\">\n\t\t\t\t\t\t<div class=\"elementor-element elementor-element-23d711f elementor-widget elementor-widget-text-editor\" data-id=\"23d711f\" data-element_type=\"widget\" data-widget_type=\"text-editor.default\">\n\t\t\t\t<div class=\"elementor-widget-container\">\n\t\t\t\t\t\t\t\t\t<p style=\"text-align: center;\"><a href=\"http:\/\/veitzguitars.fr\/index.php\/magasin-guitares-prestations-et-tarifs\/\"><strong>PRESTATIONS &amp; TARIFS<\/strong><\/a><\/p>\t\t\t\t\t\t\t\t<\/div>\n\t\t\t\t<\/div>\n\t\t\t\t\t<\/div>\n\t\t<\/div>\n\t\t\t\t<div class=\"elementor-column elementor-col-33 elementor-top-column elementor-element elementor-element-a546305\" data-id=\"a546305\" data-element_type=\"column\">\n\t\t\t<div class=\"elementor-widget-wrap elementor-element-populated\">\n\t\t\t\t\t\t<div class=\"elementor-element elementor-element-de6419f elementor-widget elementor-widget-text-editor\" data-id=\"de6419f\" data-element_type=\"widget\" data-widget_type=\"text-editor.default\">\n\t\t\t\t<div class=\"elementor-widget-container\">\n\t\t\t\t\t\t\t\t\t<p style=\"text-align: left;\"><a href=\"https:\/\/reverb.com\/shop\/veitz-guitars\"><strong>CONTACT<\/strong><\/a><\/p>\t\t\t\t\t\t\t\t<\/div>\n\t\t\t\t<\/div>\n\t\t\t\t\t<\/div>\n\t\t<\/div>\n\t\t\t\t\t<\/div>\n\t\t<\/section>\n\t\t\t\t<section class=\"elementor-section elementor-top-section elementor-element elementor-element-24550872 elementor-section-boxed elementor-section-height-default elementor-section-height-default\" data-id=\"24550872\" data-element_type=\"section\">\n\t\t\t\t\t\t<div class=\"elementor-container elementor-column-gap-default\">\n\t\t\t\t\t<div class=\"elementor-column elementor-col-100 elementor-top-column elementor-element elementor-element-4468cb4c\" data-id=\"4468cb4c\" data-element_type=\"column\">\n\t\t\t<div class=\"elementor-widget-wrap elementor-element-populated\">\n\t\t\t\t\t\t<div class=\"elementor-element elementor-element-3ddbed3 elementor-widget elementor-widget-spacer\" data-id=\"3ddbed3\" data-element_type=\"widget\" data-widget_type=\"spacer.default\">\n\t\t\t\t<div class=\"elementor-widget-container\">\n\t\t\t\t\t\t\t<div class=\"elementor-spacer\">\n\t\t\t<div class=\"elementor-spacer-inner\"><\/div>\n\t\t<\/div>\n\t\t\t\t\t\t<\/div>\n\t\t\t\t<\/div>\n\t\t\t\t<div class=\"elementor-element elementor-element-4227dfd elementor-widget elementor-widget-heading\" data-id=\"4227dfd\" data-element_type=\"widget\" data-widget_type=\"heading.default\">\n\t\t\t\t<div class=\"elementor-widget-container\">\n\t\t\t\t\t<h2 class=\"elementor-heading-title elementor-size-default\">CONTACTEZ-NOUS<\/h2>\t\t\t\t<\/div>\n\t\t\t\t<\/div>\n\t\t\t\t<div class=\"elementor-element elementor-element-9e7fdcc elementor-widget elementor-widget-spacer\" data-id=\"9e7fdcc\" data-element_type=\"widget\" data-widget_type=\"spacer.default\">\n\t\t\t\t<div class=\"elementor-widget-container\">\n\t\t\t\t\t\t\t<div class=\"elementor-spacer\">\n\t\t\t<div class=\"elementor-spacer-inner\"><\/div>\n\t\t<\/div>\n\t\t\t\t\t\t<\/div>\n\t\t\t\t<\/div>\n\t\t\t\t\t<\/div>\n\t\t<\/div>\n\t\t\t\t\t<\/div>\n\t\t<\/section>\n\t\t\t\t<section class=\"elementor-section elementor-top-section elementor-element elementor-element-0739bfa elementor-section-boxed elementor-section-height-default elementor-section-height-default\" data-id=\"0739bfa\" data-element_type=\"section\">\n\t\t\t\t\t\t<div class=\"elementor-container elementor-column-gap-default\">\n\t\t\t\t\t<div class=\"elementor-column elementor-col-33 elementor-top-column elementor-element elementor-element-46f01e7\" data-id=\"46f01e7\" data-element_type=\"column\">\n\t\t\t<div class=\"elementor-widget-wrap elementor-element-populated\">\n\t\t\t\t\t\t<div class=\"elementor-element elementor-element-139472b elementor-widget elementor-widget-heading\" data-id=\"139472b\" data-element_type=\"widget\" data-widget_type=\"heading.default\">\n\t\t\t\t<div class=\"elementor-widget-container\">\n\t\t\t\t\t<h2 class=\"elementor-heading-title elementor-size-default\">ADRESSE<\/h2>\t\t\t\t<\/div>\n\t\t\t\t<\/div>\n\t\t\t\t<div class=\"elementor-element elementor-element-d28796c elementor-widget elementor-widget-text-editor\" data-id=\"d28796c\" data-element_type=\"widget\" data-widget_type=\"text-editor.default\">\n\t\t\t\t<div class=\"elementor-widget-container\">\n\t\t\t\t\t\t\t\t\t<p style=\"text-align: right;\">10, rue Fix<br \/>67100 STRASBOURG<\/p>\t\t\t\t\t\t\t\t<\/div>\n\t\t\t\t<\/div>\n\t\t\t\t\t<\/div>\n\t\t<\/div>\n\t\t\t\t<div class=\"elementor-column elementor-col-33 elementor-top-column elementor-element elementor-element-24ce42c\" data-id=\"24ce42c\" data-element_type=\"column\">\n\t\t\t<div class=\"elementor-widget-wrap elementor-element-populated\">\n\t\t\t\t\t\t<div class=\"elementor-element elementor-element-e7165ab elementor-widget elementor-widget-heading\" data-id=\"e7165ab\" data-element_type=\"widget\" data-widget_type=\"heading.default\">\n\t\t\t\t<div class=\"elementor-widget-container\">\n\t\t\t\t\t<h2 class=\"elementor-heading-title elementor-size-default\">HORAIRES<\/h2>\t\t\t\t<\/div>\n\t\t\t\t<\/div>\n\t\t\t\t<div class=\"elementor-element elementor-element-5618364 elementor-widget elementor-widget-text-editor\" data-id=\"5618364\" data-element_type=\"widget\" data-widget_type=\"text-editor.default\">\n\t\t\t\t<div class=\"elementor-widget-container\">\n\t\t\t\t\t\t\t\t\t<p style=\"text-align: center;\">Du mardi au samedi<br \/>De 10h \u00e0 12h et de 14h \u00e0 19h ferm\u00e9 le jeudi apr\u00e8s midi<\/p>\t\t\t\t\t\t\t\t<\/div>\n\t\t\t\t<\/div>\n\t\t\t\t\t<\/div>\n\t\t<\/div>\n\t\t\t\t<div class=\"elementor-column elementor-col-33 elementor-top-column elementor-element elementor-element-3d62b6b\" data-id=\"3d62b6b\" data-element_type=\"column\">\n\t\t\t<div class=\"elementor-widget-wrap elementor-element-populated\">\n\t\t\t\t\t\t<div class=\"elementor-element elementor-element-588f3ad elementor-widget elementor-widget-heading\" data-id=\"588f3ad\" data-element_type=\"widget\" data-widget_type=\"heading.default\">\n\t\t\t\t<div class=\"elementor-widget-container\">\n\t\t\t\t\t<h2 class=\"elementor-heading-title elementor-size-default\">CONTACTS<\/h2>\t\t\t\t<\/div>\n\t\t\t\t<\/div>\n\t\t\t\t<div class=\"elementor-element elementor-element-d78d35e elementor-widget elementor-widget-text-editor\" data-id=\"d78d35e\" data-element_type=\"widget\" data-widget_type=\"text-editor.default\">\n\t\t\t\t<div class=\"elementor-widget-container\">\n\t\t\t\t\t\t\t\t\t<p style=\"text-align: left;\">T\u00e9l.: +33 (0)3 88 84 01 63<br \/>E-mail : <a href=\"mailto:info@veitzguitars.fr\">info@veitzguitars.fr<\/a><\/p>\t\t\t\t\t\t\t\t<\/div>\n\t\t\t\t<\/div>\n\t\t\t\t\t<\/div>\n\t\t<\/div>\n\t\t\t\t\t<\/div>\n\t\t<\/section>\n\t\t\t\t<section class=\"elementor-section elementor-top-section elementor-element elementor-element-03108e3 elementor-section-boxed elementor-section-height-default elementor-section-height-default\" data-id=\"03108e3\" data-element_type=\"section\">\n\t\t\t\t\t\t<div class=\"elementor-container elementor-column-gap-default\">\n\t\t\t\t\t<div class=\"elementor-column elementor-col-100 elementor-top-column elementor-element elementor-element-65725a4\" data-id=\"65725a4\" data-element_type=\"column\">\n\t\t\t<div class=\"elementor-widget-wrap elementor-element-populated\">\n\t\t\t\t\t\t<div class=\"elementor-element elementor-element-54e1d0e elementor-widget elementor-widget-spacer\" data-id=\"54e1d0e\" data-element_type=\"widget\" data-widget_type=\"spacer.default\">\n\t\t\t\t<div class=\"elementor-widget-container\">\n\t\t\t\t\t\t\t<div class=\"elementor-spacer\">\n\t\t\t<div class=\"elementor-spacer-inner\"><\/div>\n\t\t<\/div>\n\t\t\t\t\t\t<\/div>\n\t\t\t\t<\/div>\n\t\t\t\t<div class=\"elementor-element elementor-element-cd2e655 elementor-widget elementor-widget-google_maps\" data-id=\"cd2e655\" data-element_type=\"widget\" data-widget_type=\"google_maps.default\">\n\t\t\t\t<div class=\"elementor-widget-container\">\n\t\t\t\t\t\t\t<div class=\"elementor-custom-embed\">\n\t\t\t<iframe loading=\"lazy\"\n\t\t\t\t\tsrc=\"https:\/\/maps.google.com\/maps?q=10%20rue%20fix%2067100%20Strasbourg&#038;t=m&#038;z=13&#038;output=embed&#038;iwloc=near\"\n\t\t\t\t\ttitle=\"10 rue fix 67100 Strasbourg\"\n\t\t\t\t\taria-label=\"10 rue fix 67100 Strasbourg\"\n\t\t\t><\/iframe>\n\t\t<\/div>\n\t\t\t\t\t\t<\/div>\n\t\t\t\t<\/div>\n\t\t\t\t<div class=\"elementor-element elementor-element-347c74f elementor-widget elementor-widget-spacer\" data-id=\"347c74f\" data-element_type=\"widget\" data-widget_type=\"spacer.default\">\n\t\t\t\t<div class=\"elementor-widget-container\">\n\t\t\t\t\t\t\t<div class=\"elementor-spacer\">\n\t\t\t<div class=\"elementor-spacer-inner\"><\/div>\n\t\t<\/div>\n\t\t\t\t\t\t<\/div>\n\t\t\t\t<\/div>\n\t\t\t\t\t<\/div>\n\t\t<\/div>\n\t\t\t\t\t<\/div>\n\t\t<\/section>\n\t\t\t\t<section class=\"elementor-section elementor-top-section elementor-element elementor-element-f228fd9 elementor-section-boxed elementor-section-height-default elementor-section-height-default\" data-id=\"f228fd9\" data-element_type=\"section\" data-settings=\"{&quot;background_background&quot;:&quot;classic&quot;}\">\n\t\t\t\t\t\t<div class=\"elementor-container elementor-column-gap-default\">\n\t\t\t\t\t<div class=\"elementor-column elementor-col-33 elementor-top-column elementor-element elementor-element-2a11718\" data-id=\"2a11718\" data-element_type=\"column\">\n\t\t\t<div class=\"elementor-widget-wrap elementor-element-populated\">\n\t\t\t\t\t\t<div class=\"elementor-element elementor-element-63f8f68 elementor-widget elementor-widget-image\" data-id=\"63f8f68\" data-element_type=\"widget\" data-widget_type=\"image.default\">\n\t\t\t\t<div class=\"elementor-widget-container\">\n\t\t\t\t\t\t\t\t\t\t\t\t\t\t\t<img decoding=\"async\" width=\"174\" height=\"77\" src=\"https:\/\/veitzguitars.fr\/wp-content\/uploads\/2018\/09\/Logo_footer.png\" class=\"attachment-large size-large wp-image-22906\" alt=\"\" \/>\t\t\t\t\t\t\t\t\t\t\t\t\t\t\t<\/div>\n\t\t\t\t<\/div>\n\t\t\t\t\t<\/div>\n\t\t<\/div>\n\t\t\t\t<div class=\"elementor-column elementor-col-33 elementor-top-column elementor-element elementor-element-8eff6cd\" data-id=\"8eff6cd\" data-element_type=\"column\">\n\t\t\t<div class=\"elementor-widget-wrap elementor-element-populated\">\n\t\t\t\t\t\t<div class=\"elementor-element elementor-element-ada788a elementor-widget elementor-widget-text-editor\" data-id=\"ada788a\" data-element_type=\"widget\" data-widget_type=\"text-editor.default\">\n\t\t\t\t<div class=\"elementor-widget-container\">\n\t\t\t\t\t\t\t\t\t<p><strong>VEITZ GUITARS<\/strong><br \/>10, rue Fix<br \/>67100 STRASBOURG<\/p>\t\t\t\t\t\t\t\t<\/div>\n\t\t\t\t<\/div>\n\t\t\t\t\t<\/div>\n\t\t<\/div>\n\t\t\t\t<div class=\"elementor-column elementor-col-33 elementor-top-column elementor-element elementor-element-82590c4\" data-id=\"82590c4\" data-element_type=\"column\">\n\t\t\t<div class=\"elementor-widget-wrap elementor-element-populated\">\n\t\t\t\t\t\t<div class=\"elementor-element elementor-element-95fb02f elementor-shape-circle e-grid-align-left elementor-grid-0 elementor-widget elementor-widget-social-icons\" data-id=\"95fb02f\" data-element_type=\"widget\" data-widget_type=\"social-icons.default\">\n\t\t\t\t<div class=\"elementor-widget-container\">\n\t\t\t\t\t\t\t<div class=\"elementor-social-icons-wrapper elementor-grid\" role=\"list\">\n\t\t\t\t\t\t\t<span class=\"elementor-grid-item\" role=\"listitem\">\n\t\t\t\t\t<a class=\"elementor-icon elementor-social-icon elementor-social-icon-facebook elementor-repeater-item-c8d4627\" href=\"https:\/\/www.facebook.com\/veitzguitars\" target=\"_blank\">\n\t\t\t\t\t\t<span class=\"elementor-screen-only\">Facebook<\/span>\n\t\t\t\t\t\t<svg class=\"e-font-icon-svg e-fab-facebook\" viewBox=\"0 0 512 512\" xmlns=\"http:\/\/www.w3.org\/2000\/svg\"><path d=\"M504 256C504 119 393 8 256 8S8 119 8 256c0 123.78 90.69 226.38 209.25 245V327.69h-63V256h63v-54.64c0-62.15 37-96.48 93.67-96.48 27.14 0 55.52 4.84 55.52 4.84v61h-31.28c-30.8 0-40.41 19.12-40.41 38.73V256h68.78l-11 71.69h-57.78V501C413.31 482.38 504 379.78 504 256z\"><\/path><\/svg>\t\t\t\t\t<\/a>\n\t\t\t\t<\/span>\n\t\t\t\t\t\t\t<span class=\"elementor-grid-item\" role=\"listitem\">\n\t\t\t\t\t<a class=\"elementor-icon elementor-social-icon elementor-social-icon-instagram elementor-repeater-item-5277d33\" href=\"https:\/\/www.instagram.com\/veitzguitars\/\" target=\"_blank\">\n\t\t\t\t\t\t<span class=\"elementor-screen-only\">Instagram<\/span>\n\t\t\t\t\t\t<svg class=\"e-font-icon-svg e-fab-instagram\" viewBox=\"0 0 448 512\" xmlns=\"http:\/\/www.w3.org\/2000\/svg\"><path d=\"M224.1 141c-63.6 0-114.9 51.3-114.9 114.9s51.3 114.9 114.9 114.9S339 319.5 339 255.9 287.7 141 224.1 141zm0 189.6c-41.1 0-74.7-33.5-74.7-74.7s33.5-74.7 74.7-74.7 74.7 33.5 74.7 74.7-33.6 74.7-74.7 74.7zm146.4-194.3c0 14.9-12 26.8-26.8 26.8-14.9 0-26.8-12-26.8-26.8s12-26.8 26.8-26.8 26.8 12 26.8 26.8zm76.1 27.2c-1.7-35.9-9.9-67.7-36.2-93.9-26.2-26.2-58-34.4-93.9-36.2-37-2.1-147.9-2.1-184.9 0-35.8 1.7-67.6 9.9-93.9 36.1s-34.4 58-36.2 93.9c-2.1 37-2.1 147.9 0 184.9 1.7 35.9 9.9 67.7 36.2 93.9s58 34.4 93.9 36.2c37 2.1 147.9 2.1 184.9 0 35.9-1.7 67.7-9.9 93.9-36.2 26.2-26.2 34.4-58 36.2-93.9 2.1-37 2.1-147.8 0-184.8zM398.8 388c-7.8 19.6-22.9 34.7-42.6 42.6-29.5 11.7-99.5 9-132.1 9s-102.7 2.6-132.1-9c-19.6-7.8-34.7-22.9-42.6-42.6-11.7-29.5-9-99.5-9-132.1s-2.6-102.7 9-132.1c7.8-19.6 22.9-34.7 42.6-42.6 29.5-11.7 99.5-9 132.1-9s102.7-2.6 132.1 9c19.6 7.8 34.7 22.9 42.6 42.6 11.7 29.5 9 99.5 9 132.1s2.7 102.7-9 132.1z\"><\/path><\/svg>\t\t\t\t\t<\/a>\n\t\t\t\t<\/span>\n\t\t\t\t\t<\/div>\n\t\t\t\t\t\t<\/div>\n\t\t\t\t<\/div>\n\t\t\t\t\t<\/div>\n\t\t<\/div>\n\t\t\t\t\t<\/div>\n\t\t<\/section>\n\t\t\t\t<\/div>\n\t\t   ","protected":false},"excerpt":{"rendered":"<p>REVERB.COM PRESTATIONS &amp; TARIFS CONTACT CONTACTEZ-NOUS ADRESSE 10, rue Fix67100 STRASBOURG HORAIRES Du mardi au samediDe 10h \u00e0 12h et de 14h \u00e0 19h ferm\u00e9 le jeudi apr\u00e8s midi CONTACTS T\u00e9l.: +33 (0)3 88 84 01 63E-mail : info@veitzguitars.fr VEITZ GUITARS10, rue Fix67100 STRASBOURG Facebook Instagram<\/p>\n","protected":false},"author":1,"featured_media":0,"parent":0,"menu_order":0,"comment_status":"open","ping_status":"open","template":"elementor_canvas","meta":{"footnotes":""},"yoast_head":"<!-- This site is optimized with the Yoast SEO plugin v24.5 - https:\/\/yoast.com\/wordpress\/plugins\/seo\/ -->\n<title>Contact - VEITZ GUITARS<\/title>\n<meta name=\"robots\" content=\"index, follow, max-snippet:-1, max-image-preview:large, max-video-preview:-1\" \/>\n<link rel=\"canonical\" href=\"https:\/\/veitzguitars.fr\/index.php\/contact-us\/\" \/>\n<meta property=\"og:locale\" content=\"fr_FR\" \/>\n<meta property=\"og:type\" content=\"article\" \/>\n<meta property=\"og:title\" content=\"Contact - VEITZ GUITARS\" \/>\n<meta property=\"og:description\" content=\"REVERB.COM PRESTATIONS &amp; TARIFS CONTACT CONTACTEZ-NOUS ADRESSE 10, rue Fix67100 STRASBOURG HORAIRES Du mardi au samediDe 10h \u00e0 12h et de 14h \u00e0 19h ferm\u00e9 le jeudi apr\u00e8s midi CONTACTS T\u00e9l.: +33 (0)3 88 84 01 63E-mail : info@veitzguitars.fr VEITZ GUITARS10, rue Fix67100 STRASBOURG Facebook Instagram\" \/>\n<meta property=\"og:url\" content=\"https:\/\/veitzguitars.fr\/index.php\/contact-us\/\" \/>\n<meta property=\"og:site_name\" content=\"VEITZ GUITARS\" \/>\n<meta property=\"article:modified_time\" content=\"2024-04-12T13:44:44+00:00\" \/>\n<meta property=\"og:image\" content=\"http:\/\/veitzguitars.fr\/wp-content\/uploads\/2018\/09\/cropped-iconedusite.jpg\" \/>\n<meta name=\"twitter:card\" content=\"summary_large_image\" \/>\n<meta name=\"twitter:label1\" content=\"Dur\u00e9e de lecture estim\u00e9e\" \/>\n\t<meta name=\"twitter:data1\" content=\"1 minute\" \/>\n<script type=\"application\/ld+json\" class=\"yoast-schema-graph\">{\"@context\":\"https:\/\/schema.org\",\"@graph\":[{\"@type\":\"WebPage\",\"@id\":\"https:\/\/veitzguitars.fr\/index.php\/contact-us\/\",\"url\":\"https:\/\/veitzguitars.fr\/index.php\/contact-us\/\",\"name\":\"Contact - VEITZ GUITARS\",\"isPartOf\":{\"@id\":\"https:\/\/veitzguitars.fr\/#website\"},\"primaryImageOfPage\":{\"@id\":\"https:\/\/veitzguitars.fr\/index.php\/contact-us\/#primaryimage\"},\"image\":{\"@id\":\"https:\/\/veitzguitars.fr\/index.php\/contact-us\/#primaryimage\"},\"thumbnailUrl\":\"http:\/\/veitzguitars.fr\/wp-content\/uploads\/2018\/09\/cropped-iconedusite.jpg\",\"datePublished\":\"2014-06-02T11:17:04+00:00\",\"dateModified\":\"2024-04-12T13:44:44+00:00\",\"breadcrumb\":{\"@id\":\"https:\/\/veitzguitars.fr\/index.php\/contact-us\/#breadcrumb\"},\"inLanguage\":\"fr-FR\",\"potentialAction\":[{\"@type\":\"ReadAction\",\"target\":[\"https:\/\/veitzguitars.fr\/index.php\/contact-us\/\"]}]},{\"@type\":\"ImageObject\",\"inLanguage\":\"fr-FR\",\"@id\":\"https:\/\/veitzguitars.fr\/index.php\/contact-us\/#primaryimage\",\"url\":\"https:\/\/veitzguitars.fr\/wp-content\/uploads\/2018\/09\/cropped-iconedusite.jpg\",\"contentUrl\":\"https:\/\/veitzguitars.fr\/wp-content\/uploads\/2018\/09\/cropped-iconedusite.jpg\",\"width\":512,\"height\":512},{\"@type\":\"BreadcrumbList\",\"@id\":\"https:\/\/veitzguitars.fr\/index.php\/contact-us\/#breadcrumb\",\"itemListElement\":[{\"@type\":\"ListItem\",\"position\":1,\"name\":\"Accueil\",\"item\":\"https:\/\/veitzguitars.fr\/\"},{\"@type\":\"ListItem\",\"position\":2,\"name\":\"Contact\"}]},{\"@type\":\"WebSite\",\"@id\":\"https:\/\/veitzguitars.fr\/#website\",\"url\":\"https:\/\/veitzguitars.fr\/\",\"name\":\"VEITZ GUITARS\",\"description\":\"Magasin de musique, sp\u00e9cialis\u00e9 guitares et basses \u00e0 Strasbourg\",\"potentialAction\":[{\"@type\":\"SearchAction\",\"target\":{\"@type\":\"EntryPoint\",\"urlTemplate\":\"https:\/\/veitzguitars.fr\/?s={search_term_string}\"},\"query-input\":{\"@type\":\"PropertyValueSpecification\",\"valueRequired\":true,\"valueName\":\"search_term_string\"}}],\"inLanguage\":\"fr-FR\"}]}<\/script>\n<!-- \/ Yoast SEO plugin. -->","yoast_head_json":{"title":"Contact - VEITZ GUITARS","robots":{"index":"index","follow":"follow","max-snippet":"max-snippet:-1","max-image-preview":"max-image-preview:large","max-video-preview":"max-video-preview:-1"},"canonical":"https:\/\/veitzguitars.fr\/index.php\/contact-us\/","og_locale":"fr_FR","og_type":"article","og_title":"Contact - VEITZ GUITARS","og_description":"REVERB.COM PRESTATIONS &amp; TARIFS CONTACT CONTACTEZ-NOUS ADRESSE 10, rue Fix67100 STRASBOURG HORAIRES Du mardi au samediDe 10h \u00e0 12h et de 14h \u00e0 19h ferm\u00e9 le jeudi apr\u00e8s midi CONTACTS T\u00e9l.: +33 (0)3 88 84 01 63E-mail : info@veitzguitars.fr VEITZ GUITARS10, rue Fix67100 STRASBOURG Facebook Instagram","og_url":"https:\/\/veitzguitars.fr\/index.php\/contact-us\/","og_site_name":"VEITZ GUITARS","article_modified_time":"2024-04-12T13:44:44+00:00","og_image":[{"url":"http:\/\/veitzguitars.fr\/wp-content\/uploads\/2018\/09\/cropped-iconedusite.jpg","type":"","width":"","height":""}],"twitter_card":"summary_large_image","twitter_misc":{"Dur\u00e9e de lecture estim\u00e9e":"1 minute"},"schema":{"@context":"https:\/\/schema.org","@graph":[{"@type":"WebPage","@id":"https:\/\/veitzguitars.fr\/index.php\/contact-us\/","url":"https:\/\/veitzguitars.fr\/index.php\/contact-us\/","name":"Contact - VEITZ GUITARS","isPartOf":{"@id":"https:\/\/veitzguitars.fr\/#website"},"primaryImageOfPage":{"@id":"https:\/\/veitzguitars.fr\/index.php\/contact-us\/#primaryimage"},"image":{"@id":"https:\/\/veitzguitars.fr\/index.php\/contact-us\/#primaryimage"},"thumbnailUrl":"http:\/\/veitzguitars.fr\/wp-content\/uploads\/2018\/09\/cropped-iconedusite.jpg","datePublished":"2014-06-02T11:17:04+00:00","dateModified":"2024-04-12T13:44:44+00:00","breadcrumb":{"@id":"https:\/\/veitzguitars.fr\/index.php\/contact-us\/#breadcrumb"},"inLanguage":"fr-FR","potentialAction":[{"@type":"ReadAction","target":["https:\/\/veitzguitars.fr\/index.php\/contact-us\/"]}]},{"@type":"ImageObject","inLanguage":"fr-FR","@id":"https:\/\/veitzguitars.fr\/index.php\/contact-us\/#primaryimage","url":"https:\/\/veitzguitars.fr\/wp-content\/uploads\/2018\/09\/cropped-iconedusite.jpg","contentUrl":"https:\/\/veitzguitars.fr\/wp-content\/uploads\/2018\/09\/cropped-iconedusite.jpg","width":512,"height":512},{"@type":"BreadcrumbList","@id":"https:\/\/veitzguitars.fr\/index.php\/contact-us\/#breadcrumb","itemListElement":[{"@type":"ListItem","position":1,"name":"Accueil","item":"https:\/\/veitzguitars.fr\/"},{"@type":"ListItem","position":2,"name":"Contact"}]},{"@type":"WebSite","@id":"https:\/\/veitzguitars.fr\/#website","url":"https:\/\/veitzguitars.fr\/","name":"VEITZ GUITARS","description":"Magasin de musique, sp\u00e9cialis\u00e9 guitares et basses \u00e0 Strasbourg","potentialAction":[{"@type":"SearchAction","target":{"@type":"EntryPoint","urlTemplate":"https:\/\/veitzguitars.fr\/?s={search_term_string}"},"query-input":{"@type":"PropertyValueSpecification","valueRequired":true,"valueName":"search_term_string"}}],"inLanguage":"fr-FR"}]}},"_links":{"self":[{"href":"https:\/\/veitzguitars.fr\/index.php\/wp-json\/wp\/v2\/pages\/18918"}],"collection":[{"href":"https:\/\/veitzguitars.fr\/index.php\/wp-json\/wp\/v2\/pages"}],"about":[{"href":"https:\/\/veitzguitars.fr\/index.php\/wp-json\/wp\/v2\/types\/page"}],"author":[{"embeddable":true,"href":"https:\/\/veitzguitars.fr\/index.php\/wp-json\/wp\/v2\/users\/1"}],"replies":[{"embeddable":true,"href":"https:\/\/veitzguitars.fr\/index.php\/wp-json\/wp\/v2\/comments?post=18918"}],"version-history":[{"count":43,"href":"https:\/\/veitzguitars.fr\/index.php\/wp-json\/wp\/v2\/pages\/18918\/revisions"}],"predecessor-version":[{"id":23133,"href":"https:\/\/veitzguitars.fr\/index.php\/wp-json\/wp\/v2\/pages\/18918\/revisions\/23133"}],"wp:attachment":[{"href":"https:\/\/veitzguitars.fr\/index.php\/wp-json\/wp\/v2\/media?parent=18918"}],"curies":[{"name":"wp","href":"https:\/\/api.w.org\/{rel}","templated":true}]}}